culate the remainder when (-1 - (-3 + 2)) + 41 is divided by s.
13
Let i = 1 - -5. Let p = -3 + i. Let y(z) = -z + 9. Calculate the remainder when y(6) is divided by p.
0
Let k = 52 - 56. Let q(g) = 6*g**3 + 5*g - 1 + 6 + 5*g**2 - 5*g**3. Calculate the remainder when 2 is divided by q(k).
0
Let c(a) = -4*a - 1. Suppose 3*q + 6*x + 21 = x, q = x - 7. Let s = 11 + q. What is the remainder when c(-4) is divided by s?
3
Let z = 34 + -8. Let c = 598 + -497. What is the remainder when c is divided by z?
23
Let c(w) = 5*w + 24. Calculate the remainder when c(8) is divided by 3.
1
Let r = -508 - -678. What is the remainder when r is divided by 43?
41
Let z be (-1 + (0 - -4) + -4)*-3. Suppose 0 = s + u - 7, 0 = 3*s + z*u + 2*u - 23. Calculate the remainder when 11 is divided by s.
5
Let p be ((-2)/4)/(8/32). Suppose -2*f = f + 5*w + 26, -2 = 3*f - w. What is the remainder when 25 is divided by f*(-5)/2 - p?
4
Let f(z) = z**3 - z**2 + 2*z - 3. Let a be f(2). Suppose 24 = -a*u + u. Calculate the remainder when 31 is divided by (24/4)/(u/(-8)).
7
Calculate the remainder when 4 + -1 + 3 + 59 is divided by 23.
19
Let r be (4 + 10/(-4))*-132. What is the remainder when 41 is divided by 8/(-6)*(-2)/((-24)/r)?
19
Suppose -p + 0*p - 7 = 0. Suppose 0 = 3*k + 8 - 50. What is the remainder when 24 is divided by k + p + (-4)/(-2)?
6
Suppose -3*d - 56 = -7*d. Suppose -8*h + 901 = 9*h. Calculate the remainder when h is divided by d.
11
What is the remainder when (-1)/1 - (-11)/(66/954) is divided by 87?
71
Suppose 0 = 137*a - 134*a - 15. Suppose 17 - a = v. Calculate the remainder when 20 is divided by v.
8
Suppose -13*d = -715 + 702. What is the remainder when 1 is divided by d?
0
Let p be (3*10)/(-2 + 3). Suppose -2*y = -50 - p. What is the remainder when y is divided by 22?
18
Let h be (1 - 4)*(-7 + 4). Suppose 3 = -4*c + 5*w + 18, -h = 3*w. Suppose c = 2*n + 3*n - 50. Calculate the remainder when 18 is divided by n.
8
Let g = -7 + 14. Let b = 0 + g. Suppose z - 37 = -3*d + 2*d, 5*z - 57 = -d. What is the remainder when d is divided by b?
4
Suppose -9*q = -83 - 133. Calculate the remainder when 94 is divided by q.
22
Suppose 4*p + 68 = 4*m, 0 = 3*p + 2*m - 3*m + 41. What is the remainder when (-4)/6 - 200/p is divided by 10?
6
Let w = -45 - 66. Let z = w + 306. Calculate the remainder when z is divided by 28.
27
Let i be 1 + -2 - (8 + -6). What is the remainder when ((-73)/3)/(i/9) is divided by 19?
16
Suppose 4*n - 13 - 13 = -3*j, 5*j - 4*n = 86. Suppose -4*v = 5*a - 140, -14 = -a - v + 3*v. Calculate the remainder when a is divided by j.
10
Let d be 2/((-6)/139)*-3*1. Let q = -136 + d. What is the remainder when -4*2/(8/(-10)) is divided by q?
1
Suppose 0 = 2*d - 9*b + 10*b - 9, 12 = d + 3*b. Calculate the remainder when 6 is divided by d.
0
What is the remainder when 366/(-3 - (4 - 9)) is divided by 23?
22
Suppose -24*t - 1370 = -7994. What is the remainder when t is divided by 28?
24
Suppose -30 = -6*g + 12. Suppose -3*r = -r - 40. What is the remainder when r is divided by g?
6
Suppose 318*l = 313*l + 3325. What is the remainder when l is divided by 18?
17
Suppose 0 - 3 = -x, 2*k - 9 = 3*x. Suppose 0 = 2*c - 55 + k. What is the remainder when 43 is divided by c?
20
Suppose 35 = z + 4*m - 38, -3*m - 201 = -2*z. What is the remainder when z is divided by 16?
13
Suppose v - 163 = -18. Suppose 4*g - v = -3*n, -g - n + 23 + 13 = 0. Calculate the remainder when 144 is divided by g.
33
Let h be 104 + 0/(1 + -4). Suppose -4*a + o + 3*o - h = 0, -2*a = -4*o + 50. Calculate the remainder when 52/6 + (-9)/a is divided by 4.
1
Let s(q) = 2*q**2 - 4*q + 1. Let v be s(4). Suppose v = -2*j + 43. Let u(c) = c**2 + c + 5. What is the remainder when u(-5) is divided by j?
12
Suppose 31*i - 1773 = -316. Calculate the remainder when i is divided by 1/2*2 + 15.
15
Calculate the remainder when 40 - 9/((-54)/24) is divided by 12.
8
Let z(a) = a**3 + 19*a**2 + 17*a + 1. Let b be z(-12). Suppose 3*t - h = 590, 6*t - 2*t = 5*h + b. Calculate the remainder when t is divided by 49.
48
Calculate the remainder when ((-15)/2)/((-6)/(-176)*-2) is divided by 8.
6
Suppose -3*g = -2*g - 2. What is the remainder when 85 is divided by ((-1)/(-3) + 173/3)/g?
27
Let c(v) = 2*v**2 - 1. Let p be c(1). Let i(q) = -2*q**3 + 52*q**2 + 53*q + 120. Let o be i(27). What is the remainder when ((-4)/(-12))/(p/o) is divided by 8?
7
Let x = 1865 - 1827. Calculate the remainder when x is divided by 8.
6
Suppose n = 0, -6*b + 5*b = -n - 254. Calculate the remainder when b is divided by 108.
38
Let x(c) = -5*c + 7. Let i be x(-8). Suppose -4*w + i + 49 = 0. What is the remainder when (166/(-3))/((-16)/w) is divided by 28?
27
Let u = -56 + 61. Let o(t) = 4*t**2 + 5*t - 7. What is the remainder when o(u) is divided by 30?
28
Suppose 8 = -2*h - 4*z - 4, 6 = -2*z. Let a(k) = -2*k + 59. What is the remainder when a(h) is divided by 21?
17
Let a be (-2)/(-9) + (-33)/27. Calculate the remainder when (1 - -4)*(2 - (-18 - a)) is divided by 24.
23
What is the remainder when (-165)/((-5 - 3) + 7) is divided by 10?
5
Let p(s) = -234*s + 10. What is the remainder when p(-1) is divided by 58?
12
What is the remainder when (-246)/8*(10 - (-170)/(-15)) is divided by 11?
8
Suppose -2*q + 2*h + 18 = h, 0 = -2*h + 8. Let o = -3 + 11. What is the remainder when q is divided by o?
3
Suppose 22*u = 29*u - 147. Calculate the remainder when 132 is divided by u.
6
Suppose -5*g = -4*f - 303, -3 = f - 1. Suppose -3*d - m - m + g = 0, 0 = -4*d - m + 87. Calculate the remainder when d is divided by 6.
5
Suppose 70 = -8*n + 10*n. Suppose -3*h - h = -16. Suppose 4 - 76 = -h*q. What is the remainder when n is divided by q?
17
Let q be 180/81 + 2/(-9). Suppose 3*v = p - 102, q*v - 3*v = -4*p + 23. Let k = v + 102. Calculate the remainder when k is divided by 23.
21
Suppose -14*h + 11*h + 105 = 0. Suppose 5*g + g = 24. What is the remainder when h is divided by g?
3
Suppose -4 = -2*i, 0*d - 4*i - 192 = -d. Suppose 7*t - d = 2*t. What is the remainder when t is divided by 21?
19
Suppose -4*i + 6 = -5*i. What is the remainder when (28/i - 0)/((-2)/39) is divided by 23?
22
Suppose -7*k + 778 - 92 = 0. Calculate the remainder when k is divided by 17.
13
Let j(m) = -13*m**2 + m + 370. Calculate the remainder when j(0) is divided by 17.
13
Suppose 0 = -4*v + 432 + 16. Suppose -v = -2*y - 2*y. What is the remainder when y is divided by 24/20*700/56?
13
Let v be (-3 - 2)*-1 - -121. Suppose 2*h = o + v, -o = 4*h + 73 - 331. What is the remainder when h is divided by 6?
4
Let v(m) = -m**2 + 9*m + 63. What is the remainder when v(10) is divided by 28?
25
Let p(j) = 3*j**2 - 47*j + 21. Let d be p(16). Suppose -4*z - d = -b + 97, -3*b + 337 = z. Calculate the remainder when b is divided by 30.
24
Suppose -5*o + 4*j + 98 = 0, -4*o + 32*j + 82 = 30*j. What is the remainder when 117 is divided by o?
7
Let j be (-7)/(-21)*(-258)/2. Let d = j - -68. Calculate the remainder when 47 is divided by d.
22
Suppose -5 + 80 = 5*c. Suppose 5*w - 5 = -0*w. What is the remainder when w - 1/(1/(-70)) is divided by c?
11
Suppose 178 = 6*a - 4*a. Let s(t) = -11*t - 2. Let l be s(-10). Suppose 0 = 4*w + 4*y - l, 2*w + y = 34 + 23. What is the remainder when a is divided by w?
29
Suppose -2*l = -2*h - 2950, -71*l - 1473 = -72*l - h. What is the remainder when l is divided by 41?
39
Let k(f) = 4*f**2 + f - 3. Let c(p) = -4*p**3 + p**2 - p + 1. Let d be c(1). Let t be k(d). Let q = t - 17. Calculate the remainder when 49 is divided by q.
10
Let c(b) = b**3 - 6*b**2 + 3*b - 17. Let y be c(6). Suppose -y = k - 14. Let r = 49 - 25. Calculate the remainder when r is divided by k.
11
Let z be 0 - 4 - -66 - (-2 + 6). Suppose -4*k + z = -38. Calculate the remainder when (-1068)/(-9) + (-4)/6 is divided by k.
22
Let s = 878 - 757. Calculate the remainder when 1087 is divided by s.
119
Suppose 40*w - 2074 = 2846. Calculate the remainder when 325 is divided by w.
79
Let f = -198 - -223. Let q(y) = 3*y**2 - y. Let h be q(1). Suppose -37 = -h*t + 57. What is the remainder when t is divided by f?
22
Let r(c) = -c**2 + 41*c - 121. Calculate the remainder when 171 is divided by r(36).
53
Let r = 29 + -26. Calculate the remainder when 13 is divided by r.
1
Suppose 3*l = 4*o - 0 - 4, -5*o + 4